 is divided by 4?
3
Let l(r) = -r**3 - 14*r**2 + 13*r + 4. Let t = -2 - -14. Calculate the remainder when l(-15) is divided by t.
10
What is the remainder when (55/(-22))/(1/(-2)) is divided by 5?
0
Suppose h - 13 - 3 = 0. Calculate the remainder when 24 is divided by h.
8
Let z(m) = -m**3 + m**2 - m + 2. Let j be z(0). Suppose -r + j*r = 35. Calculate the remainder when r is divided by 18.
17
Let n = -2 - -5. Suppose -n*k = -5*l + 29, 4*k = -3*l + 23 + 6. Calculate the remainder when -2*2/16*-76 is divided by l.
5
Let s be (-10)/(-4) + (-8)/16. What is the remainder when 24 is divided by (-13)/(3 - (s + 2))?
11
Suppose 4*o + 31 - 63 = 0. Calculate the remainder when 31 is divided by o.
7
Let c(l) = -5*l - 63. Calculate the remainder when 70 is divided by c(-20).
33
Suppose 417 + 178 = 5*l. Calculate the remainder when l is divided by 63.
56
Suppose 10*k = 12*k - 84. Calculate the remainder when k is divided by 15.
12
Suppose 0 = -5*d + n + 33, -3*d = -2*n + 3*n - 23. Suppose 0 = 2*v - 15 - d. Calculate the remainder when 31 is divided by v.
9
Let g(i) = -i**3 - 10*i**2 - i - 2. Calculate the remainder when g(-10) is divided by 3.
2
Let w(k) = k**3 + 8*k**2 + 9*k + 5. Let c(d) = -d - 6. Let t be c(0). What is the remainder when w(t) is divided by (15 - 16)*6/(-1)?
5
Let p(i) = -i - 50. Let a be p(0). Calculate the remainder when 4/8 - a/4 is divided by 7.
6
Suppose 0 = -2*c + 2, 26 = -2*k + 5*k - c. Suppose k = 3*m - 0. What is the remainder when (2 + 0)*1 - -2 is divided by m?
1
Let z = -17 - -51. Suppose -4*r + 5*i + z = 0, -i = 3*r + 2*r - 28. Calculate the remainder when 11 is divided by r.
5
Suppose -2*j = 5*h - 81, -4*h - j = -3*h - 15. What is the remainder when h is divided by 5?
2
Let q(y) = 36*y - 7. Calculate the remainder when q(3) is divided by 26.
23
Let o(d) = -3*d**3 + 17*d**2 - 7*d + 12. Calculate the remainder when o(5) is divided by 20.
7
Suppose -2*a = 2*a. Let x = 3 + a. What is the remainder when 2/3 - (-91)/x is divided by 11?
9
Suppose 3*c - 9 = 48. What is the remainder when c is divided by 12?
7
Suppose 13 - 37 = -4*z. Calculate the remainder when 29 is divided by z.
5
Let q(j) = 5*j - 9. Let z be q(6). Let t = 42 - z. What is the remainder when 39 is divided by t?
18
Let v(j) = -7*j - 50. Calculate the remainder when 77 is divided by v(-9).
12
Let d(w) = -w**3 - w**2 + w + 42. Calculate the remainder when d(0) is divided by 11.
9
Let f = 58 - 32. Let l = -3 - -12. Calculate the remainder when f is divided by l.
8
Suppose -38 = -4*v - 3*z, z = -v - z + 12. What is the remainder when 36 is divided by v?
4
Let u = -36 - -88. Let n(r) = -r**3 + 5*r**2 + 5*r - 7. Calculate the remainder when u is divided by n(5).
16
Suppose 2*l + 0*l + 5*h - 44 = 0, -5*h = -5*l + 40. Calculate the remainder when 44 is divided by l.
8
Suppose 3*q - 111 = 42. What is the remainder when q is divided by 6/39 + (-540)/(-39)?
9
Suppose -84 = p - 7*p. What is the remainder when 51 is divided by p?
9
Let o(w) = 14*w**2 - 1. Let f be -1*1 - (-4)/(-2). Let s be (-3*(-2)/f)/2. What is the remainder when 24 is divided by o(s)?
11
Let j(c) = -c**3 - 6*c**2 - 6*c + 1. Let u be j(-4). Let i(p) = -p**2 - 9*p + 3. Calculate the remainder when i(u) is divided by 5.
2
Let q(m) = -m + 17. Calculate the remainder when 228/5 + 2/5 is divided by q(5).
10
Let u(h) = 3*h + 3. Let y be u(3). Suppose 3*j + 2 + 7 = 0. Let g = j + y. Calculate the remainder when 16 is divided by g.
7
Suppose -5*c = -2*q - 107 + 4, -c - 5*q = -26. What is the remainder when 80 is divided by c?
17
Let h = -127 - -230. Calculate the remainder when h is divided by 35.
33
Suppose -5*u + 0*s + 2*s = -100, -4*u - 3*s + 80 = 0. Calculate the remainder when 77 is divided by u.
17
Let m be 10/(-15) + 32/3. Let o = m + 3. What is the remainder when 25 is divided by o?
12
Suppose -5*u + 142 + 58 = 0. Suppose 2*r - 34 = u. What is the remainder when (r/2)/(5/10) is divided by 10?
7
Suppose r = 4*r - 114. Suppose 2*n - 114 + r = 0. Suppose -3*a = -39 - 0. What is the remainder when n is divided by a?
12
Suppose 0 = -4*o + 2*p - 0*p + 16, -4*o + 16 = -p. Suppose f + 8 = 22. Calculate the remainder when f is divided by o.
2
Let w be 7/1 - (-3 - -5). Suppose 5*m - 30 = -w. Suppose -5*g = m*d - 95, 0*g + g = 4*d - 96. Calculate the remainder when 89 is divided by d.
20
Let p(v) = 2*v**2 + v - 1. Suppose 2*o + 15 + 5 = 0. Let x = 24 - o. Calculate the remainder when x is divided by p(2).
7
Let i = 145 + -45. Calculate the remainder when i is divided by 26.
22
Let t = -1 - -6. Suppose -t*z - 25 = -90. Suppose x - 3 = z. What is the remainder when 30 is divided by x?
14
Suppose 4*g = -5*n + 35, 45 - 10 = 3*g + 2*n. Calculate the remainder when g is divided by 8.
7
Calculate the remainder when (1240/(-6))/(-10) + (-4)/6 is divided by 7.
6
Suppose -c - 3*p + 25 = 0, -10*p = c - 12*p - 40. Calculate the remainder when 63 is divided by c.
29
What is the remainder when 26 is divided by (1/3)/((-3)/(-135))?
11
Let a = 52 + -28. Calculate the remainder when 71 is divided by a.
23
Let n(j) = -j - 1. Suppose 5*d = -5*v - 5, -13 = -0*v - 5*v + d. Let x be (-9)/2*v - 0. What is the remainder when n(x) is divided by 3?
2
Let d = -5 - -7. Suppose 5*k + 2*c - 69 = 0, d*k - 2*c - 51 = -k. What is the remainder when (-4)/(-8) + 110/4 is divided by k?
13
Let j = 90 + -41. What is the remainder when j is divided by 17?
15
Let p(r) = 3*r**2 + 2*r + 2. Let g be p(6). Suppose 5*b - 63 = g. What is the remainder when b is divided by 10?
7
Let r(h) = -2*h**2 + 10*h + 30. Let a = -1 + 3. What is the remainder when a is divided by r(7)?
0
Let x(j) = -j + 14. Let a(l) = -3*l - 3. What is the remainder when a(-6) is divided by x(10)?
3
Let j(c) = -3*c**3 + 3*c**2 + 5*c + 1. Calculate the remainder when j(-2) is divided by 8.
3
Suppose 68 = 5*d - 3*s, 0 = -5*d - 3*s + 36 + 26. Let u = 39 - 16. Calculate the remainder when u is divided by d.
10
Calculate the remainder when 110 is divided by -10*(2 - 4) + -4.
14
Let v(o) = 1 + 2 + 14*o - 4 + 0. Let a be v(4). Suppose 50 = 5*b - a. Calculate the remainder when b is divided by 8.
5
Let q = -19 - -24. Calculate the remainder when 18 is divided by q.
3
Let y = 3 - 1. Let a(o) = -o**2 - 7*o + 8. Let r be a(-7). Let j = 12 - r. What is the remainder when j is divided by y?
0
Let z(f) be the second derivative of f**4/12 - 4*f**3/3 + 3*f**2 - f. Let t be z(7). What is the remainder when 19 is divided by t/1 - (1 - 9)?
5
Suppose 12 - 117 = -5*g. Suppose 68 = 2*k + 8. Suppose 0 = -2*h - 4*y + 4 + k, 5*h - 2*y - 49 = 0. Calculate the remainder when g is divided by h.
10
Let y(u) = -4*u**3. Let f be y(-1). Suppose f + 4 = 2*g. Calculate the remainder when 5 is divided by g.
1
Let k(v) = -v**2 + 11*v - 13. Let x be k(9). Suppose -5*y = 3*r - 91, -24 - 61 = -5*r + x*y. Calculate the remainder when r is divided by 12.
10
Suppose -6*y = -24 - 12. Calculate the remainder when y is divided by 2.
0
Let s(n) = n**3 - 4*n**2 + 12*n - 69. Let z = -31 - -60. What is the remainder when z is divided by s(5)?
13
What is the remainder when 504/20*(1 - -4) is divided by 32?
30
Let w = 15 - 15. Suppose -5*t = -w*t - 60. Calculate the remainder when 34 is divided by t.
10
Suppose 0*f - 103 = 5*f - m, 3*f + 4*m + 71 = 0. Let d = -10 - f. Calculate the remainder when d is divided by 6.
5
Suppose -5*l - 3*a = -4*a - 25, -2*l + 33 = -5*a. Let r = 8 - l. Calculate the remainder when 15 is divided by r.
3
Suppose 4*f - 2 = 6*f. What is the remainder when ((-16)/(-6))/(1/6) is divided by 4*(9/(-4))/f?
7
Suppose 3*z = 4*g - 94, -3*g = 3*z + 12 - 72. Let s be (-1 + 31)*6/(-15). Let p = g + s. Calculate the remainder when 18 is divided by p.
8
Suppose -4*k = 2*g - 32, 3*k + g = 5*k - 20. Suppose -2*w + k = -21. Calculate the remainder when 27 is divided by w.
12
Suppose -34 = -4*t + 3*o + 54, -o = 4. What is the remainder when 131 is divided by t?
17
Let y = 5 - 5. Suppose -5*m + 25 + y = -5*r, -m + 4*r + 20 = 0. Calculate the remainder when 23 + m/(-3) + 1 is divided by 13.
11
Let b(x) = x**2 + 15*x - 10. Calculate the remainder when 11 is divided by b(-16).
5
Suppose 0*f = -3*f + 189. Suppose -2*i + 5*i - 48 = 0. What is the remainder when f is divided by i?
15
Suppose -4*i - 2 = -130. Let p = 31 - 22. Calculate the